{"id":437,"date":"2018-04-18T16:36:31","date_gmt":"2018-04-18T14:36:31","guid":{"rendered":"http:\/\/harmoninqi.cluster023.hosting.ovh.net\/?page_id=437"},"modified":"2023-02-07T16:01:31","modified_gmt":"2023-02-07T15:01:31","slug":"la-force-des-pensees","status":"publish","type":"page","link":"https:\/\/www.harmoning.fr\/?page_id=437","title":{"rendered":"Cultiver le bonheur"},"content":{"rendered":"<blockquote>\n<p style=\"text-align: center;\">\u00a0 \u00a0 \u00a0 \u00a0 \u00a0 \u00a0 \u00a0 \u00a0 \u00a0 \u00a0 \u00a0 \u00a0 \u00a0 \u00a0 \u00a0 \u00a0 \u00a0 \u00a0 \u00a0 \u00a0 \u00a0 \u00a0<span style=\"color: #008080;\"> \u00a0 \u00a0 \u00a0 \u00a0 \u00a0 \u00ab\u00a0Le plus grand bonheur, c&rsquo;est d&rsquo;\u00eatre bien avec soi.\u00a0\u00bb\u00a0 \u00a0 \u00a0 \u00a0 \u00a0 \u00a0 \u00a0 \u00a0 \u00a0 \u00a0 \u00a0 \u00a0 \u00a0 \u00a0 \u00a0 \u00a0 \u00a0 \u00a0 \u00a0 \u00a0 \u00a0 \u00a0 \u00a0 \u00a0 \u00a0 \u00a0 \u00a0B. FONTENELLE<\/span><\/p>\n<\/blockquote>\n<p><span style=\"color: #000080;\">Certains sont naturellement dou\u00e9s pour attirer le bonheur, le cultiver et r\u00e9colter ses fruits.\u00a0<\/span><span style=\"color: #000080;\">D\u2019autres ont l\u2019impression qu\u2019il les a oubli\u00e9s(es), qu\u2019il est destin\u00e9 qu\u2019\u00e0 certains ou qu\u2019il sera toujours temps de le nourrir plus tard&#8230;<\/span><\/p>\n<p>Or le bonheur se savoure au pr\u00e9sent, il est propre \u00e0 chacun(e) et il vous fait du bien au niveau physique, mental et \u00e9motionnel. L\u2019entretenir est bon pour votre sant\u00e9 car il vous apprend \u00e0 mieux g\u00e9rer les situations stressantes, diminue l\u2019hypertension, vous aide \u00e0 mieux dormir et rallonge votre vie.<\/p>\n<p>Il vous permet \u00e9galement d\u2019entretenir des relations authentiques, de revenir \u00e0 l\u2019essentiel et de donner du sens \u00e0 votre vie.<\/p>\n<p><span style=\"color: #000080;\">Si vous souhaitez assister \u00e0 cette conf\u00e9rence, cliquez sur <\/span><strong><a href=\"https:\/\/www.harmoning.fr\/?page_id=456\">ce lien.<\/a><\/strong><\/p>\n","protected":false},"excerpt":{"rendered":"<p>\u00a0 \u00a0 \u00a0 \u00a0 \u00a0 \u00a0 \u00a0 \u00a0 \u00a0 \u00a0 \u00a0 \u00a0 \u00a0 \u00a0 \u00a0 \u00a0 \u00a0 \u00a0 \u00a0 \u00a0 \u00a0 \u00a0 \u00a0 \u00a0 \u00a0 \u00a0 \u00a0 \u00ab\u00a0Le plus grand bonheur, c&rsquo;est d&rsquo;\u00eatre bien avec soi.\u00a0\u00bb\u00a0 \u00a0 \u00a0 \u00a0 \u00a0 \u00a0 \u00a0 \u00a0 \u00a0 \u00a0 \u00a0 \u00a0 \u00a0 \u00a0 \u00a0 \u00a0 \u00a0 \u00a0 \u00a0 \u00a0 &hellip; <a href=\"https:\/\/www.harmoning.fr\/?page_id=437\" class=\"more-link\">Continuer la lecture<span class=\"screen-reader-text\"> de &laquo;&nbsp;Cultiver le bonheur&nbsp;&raquo;<\/span><\/a><\/p>\n","protected":false},"author":1,"featured_media":293,"parent":0,"menu_order":0,"comment_status":"closed","ping_status":"closed","template":"","meta":{"_mi_skip_tracking":false},"_links":{"self":[{"href":"https:\/\/www.harmoning.fr\/index.php?rest_route=\/wp\/v2\/pages\/437"}],"collection":[{"href":"https:\/\/www.harmoning.fr\/index.php?rest_route=\/wp\/v2\/pages"}],"about":[{"href":"https:\/\/www.harmoning.fr\/index.php?rest_route=\/wp\/v2\/types\/page"}],"author":[{"embeddable":true,"href":"https:\/\/www.harmoning.fr\/index.php?rest_route=\/wp\/v2\/users\/1"}],"replies":[{"embeddable":true,"href":"https:\/\/www.harmoning.fr\/index.php?rest_route=%2Fwp%2Fv2%2Fcomments&post=437"}],"version-history":[{"count":20,"href":"https:\/\/www.harmoning.fr\/index.php?rest_route=\/wp\/v2\/pages\/437\/revisions"}],"predecessor-version":[{"id":1707,"href":"https:\/\/www.harmoning.fr\/index.php?rest_route=\/wp\/v2\/pages\/437\/revisions\/1707"}],"wp:featuredmedia":[{"embeddable":true,"href":"https:\/\/www.harmoning.fr\/index.php?rest_route=\/wp\/v2\/media\/293"}],"wp:attachment":[{"href":"https:\/\/www.harmoning.fr\/index.php?rest_route=%2Fwp%2Fv2%2Fmedia&parent=437"}],"curies":[{"name":"wp","href":"https:\/\/api.w.org\/{rel}","templated":true}]}}