{"id":357,"date":"2018-04-15T18:48:40","date_gmt":"2018-04-15T16:48:40","guid":{"rendered":"http:\/\/harmoninqi.cluster023.hosting.ovh.net\/?page_id=357"},"modified":"2023-02-07T16:14:13","modified_gmt":"2023-02-07T15:14:13","slug":"coachings-individuels","status":"publish","type":"page","link":"https:\/\/www.harmoning.fr\/?page_id=357","title":{"rendered":"Coaching individuel avec Pascale"},"content":{"rendered":"<blockquote>\n<p style=\"text-align: center;\"><span style=\"color: #008080;\">\u00a0 \u00a0 \u00ab\u00a0Le changement est une porte qui ne s\u2019ouvre que de l\u2019int\u00e9rieur.\u00a0\u00bb <i>Tom Peters<\/i><\/span><\/p>\n<\/blockquote>\n<p><span style=\"color: #000080;\"><strong>Le coaching<\/strong> est un concept r\u00e9cent. Issu de l&rsquo;entrainement sportif aux Etats Unis, on pourrait parler d&rsquo;entrainement d&rsquo;\u00e9quipe. Mais en ce qui concerne le coaching individuel, la d\u00e9finition est encore un peu vague pour beaucoup d&rsquo;entre nous.<\/span><\/p>\n<h3><span style=\"color: #000080;\">L&rsquo;origine<\/span><\/h3>\n<p><span style=\"color: #000080;\"><strong>Le coaching individuel<\/strong> a \u00e9t\u00e9 int\u00e9gr\u00e9 en France en 1988 par Vincent Lenhardt. Il permet d&rsquo;accompagner une personne au niveau professionnel pour l&rsquo;aider \u00e0 trouver de nouvelles solutions, identifier ses propres m\u00e9canismes de fonctionnement et retrouver du sens dans sa vie professionnelle.<\/span><\/p>\n<h3><span style=\"color: #000080;\">Mon exp\u00e9rience<\/span><\/h3>\n<p><span style=\"color: #000080;\">Apr\u00e8s quinze ans d&rsquo;exp\u00e9rience en communication et marketing, je me suis form\u00e9e au coaching aupr\u00e8s de\u00a0<a style=\"color: #000080;\" href=\"http:\/\/transformancepro.com\">Transformance<\/a> en 2008 (CT33). Grace \u00e0 <\/span><span style=\"color: #000080;\">cette formation bas\u00e9e sur l&rsquo;Analyse Transactionnelle, j&rsquo;ai appris \u00e0 accompagner des personnes individuellement et en \u00e9quipe. En compl\u00e9ment, pour \u00e9viter les transferts et les contre-transferts, j&rsquo;ai travaill\u00e9 en th\u00e9rapie sur ma propre histoire. <\/span><\/p>\n<p><span style=\"color: #000080;\">Depuis quinze ans, j&rsquo;accompagne en coaching individuel des particuliers et des professionnels en rendez-vous et par t\u00e9l\u00e9phone (coaching de d\u00e9cision, d&rsquo;aide au changement, d&rsquo;identit\u00e9, de blocages, d&rsquo;\u00e9quilibre \u00e9motionnel, de croyances, de sens&#8230;).<\/span><\/p>\n<h3><span style=\"color: #000080;\">La demande<\/span><\/h3>\n<p><span style=\"color: #000080;\">Gr\u00e2ce \u00e0 une \u00e9coute active et bienveillante, le coach cr\u00e9e un lien de confiance avec le coach\u00e9.\u00a0 De par son ressenti et son exp\u00e9rience, il l&rsquo;interroge pour clarifier sa demande et pour pouvoir \u00e9laborer ensemble la mise en place de solutions.<\/span><\/p>\n<p><span style=\"color: #000080;\">Le coaching individuel s&rsquo;adresse \u00e0 des personnes qui ne se sentent pas \u00e0 l&rsquo;aise en groupe, mais \u00e9galement aux personnes qui souhaitent approfondir un travail commenc\u00e9 en ateliers : l&rsquo;aide au changement, l&rsquo;acceptation de soi, l&rsquo;\u00e9quilibre \u00e9motionnel&#8230;<\/span><\/p>\n<h3><span style=\"color: #000080;\">La pratique<\/span><\/h3>\n<p><span style=\"color: #000080;\">Les coachings se r\u00e9alisent en rendez-vous dans nos locaux, et \u00e0 distance par t\u00e9l\u00e9phone ou en visio.<\/span><\/p>\n<p><span style=\"color: #000080;\">Si vous souhaitez b\u00e9n\u00e9ficier d&rsquo;un coaching individuel cliquez sur <strong><a href=\"https:\/\/www.harmoning.fr\/?page_id=456\">ce lien.<\/a><\/strong><\/span><\/p>\n","protected":false},"excerpt":{"rendered":"<p>\u00a0 \u00a0 \u00ab\u00a0Le changement est une porte qui ne s\u2019ouvre que de l\u2019int\u00e9rieur.\u00a0\u00bb Tom Peters Le coaching est un concept r\u00e9cent. Issu de l&rsquo;entrainement sportif aux Etats Unis, on pourrait parler d&rsquo;entrainement d&rsquo;\u00e9quipe. Mais en ce qui concerne le coaching individuel, la d\u00e9finition est encore un peu vague pour beaucoup d&rsquo;entre nous. L&rsquo;origine Le coaching &hellip; <a href=\"https:\/\/www.harmoning.fr\/?page_id=357\" class=\"more-link\">Continuer la lecture<span class=\"screen-reader-text\"> de &laquo;&nbsp;Coaching individuel avec Pascale&nbsp;&raquo;<\/span><\/a><\/p>\n","protected":false},"author":1,"featured_media":196,"parent":0,"menu_order":0,"comment_status":"closed","ping_status":"closed","template":"","meta":{"_mi_skip_tracking":false},"_links":{"self":[{"href":"https:\/\/www.harmoning.fr\/index.php?rest_route=\/wp\/v2\/pages\/357"}],"collection":[{"href":"https:\/\/www.harmoning.fr\/index.php?rest_route=\/wp\/v2\/pages"}],"about":[{"href":"https:\/\/www.harmoning.fr\/index.php?rest_route=\/wp\/v2\/types\/page"}],"author":[{"embeddable":true,"href":"https:\/\/www.harmoning.fr\/index.php?rest_route=\/wp\/v2\/users\/1"}],"replies":[{"embeddable":true,"href":"https:\/\/www.harmoning.fr\/index.php?rest_route=%2Fwp%2Fv2%2Fcomments&post=357"}],"version-history":[{"count":26,"href":"https:\/\/www.harmoning.fr\/index.php?rest_route=\/wp\/v2\/pages\/357\/revisions"}],"predecessor-version":[{"id":1719,"href":"https:\/\/www.harmoning.fr\/index.php?rest_route=\/wp\/v2\/pages\/357\/revisions\/1719"}],"wp:featuredmedia":[{"embeddable":true,"href":"https:\/\/www.harmoning.fr\/index.php?rest_route=\/wp\/v2\/media\/196"}],"wp:attachment":[{"href":"https:\/\/www.harmoning.fr\/index.php?rest_route=%2Fwp%2Fv2%2Fmedia&parent=357"}],"curies":[{"name":"wp","href":"https:\/\/api.w.org\/{rel}","templated":true}]}}