{"id":115,"date":"2017-03-17T18:07:55","date_gmt":"2017-03-17T17:07:55","guid":{"rendered":"http:\/\/harmoninqi.cluster023.hosting.ovh.net\/?page_id=115"},"modified":"2023-02-07T15:56:00","modified_gmt":"2023-02-07T14:56:00","slug":"je-prends-soin-de-moi","status":"publish","type":"page","link":"https:\/\/www.harmoning.fr\/?page_id=115","title":{"rendered":"Am\u00e9liorer la relation \u00e0 soi"},"content":{"rendered":"<blockquote>\n<p style=\"text-align: center;\"><span style=\"color: #008080;\">\u00a0 \u00a0 \u00a0 \u00a0 \u00a0 \u00a0 \u00a0 \u00a0 \u00a0 \u00a0 \u00a0 \u00a0 \u00a0 \u00a0 \u00a0 \u00a0 \u00a0 \u00a0 \u00a0 \u00a0 \u00a0 \u00a0 \u00a0 \u00a0 \u00a0 \u00a0 \u00a0 \u00a0 \u00a0 \u00ab\u00a0Il faut toujours\u00a0viser la lune\u00a0 \u00a0 \u00a0 \u00a0 \u00a0 \u00a0 \u00a0 \u00a0 \u00a0 \u00a0 \u00a0 \u00a0 \u00a0 \u00a0 \u00a0 \u00a0 \u00a0 \u00a0 \u00a0 \u00a0 \u00a0 \u00a0 \u00a0 \u00a0 \u00a0 \u00a0 \u00a0 \u00a0 \u00a0 \u00a0 \u00a0 \u00a0 \u00a0 \u00a0 car m\u00eame en cas d\u2019\u00e9chec,\u00a0on atteint\u00a0les \u00e9toiles.\u00a0\u00bb Oscar\u00a0<i>Wilde<\/i><\/span><\/p>\n<\/blockquote>\n<p><span style=\"color: #000080;\"><span style=\"color: #000080;\">Les ateliers \u00ab\u00a0<b>Am\u00e9liorer la relation \u00e0 soi<\/b><\/span><span style=\"color: #000080;\">\u00a0\u00bb vous permettent d&rsquo;accroitre votre estime, de changer vos pens\u00e9es et de vous affirmer. Il vous est impossible de construire des relations saines avec les autres si votre estime de vous n&rsquo;est pas nourrie, \u00e9quilibr\u00e9e et bienveillante.<\/span><\/span><\/p>\n<h5><span style=\"color: #ffcc99;\"><a style=\"color: #ffcc99;\" href=\"https:\/\/www.harmoning.fr\/?page_id=456\">Atelier 1 : S&rsquo;estimer<\/a><\/span><\/h5>\n<p><span style=\"color: #000080;\">L&rsquo;atelier \u00ab\u00a0<strong>S&rsquo;estimer<\/strong>\u00a0\u00bb vous permet de porter un regard bienveillant et juste sur vous-m\u00eame, de vous aimer et surtout de prendre conscience de votre potentiel.\u00a0 En effet, c\u2019est souvent plus facile d\u2019\u00eatre bon envers les autres qu\u2019envers soi-m\u00eame. Pourtant, vous ne pouvez pas bien appr\u00e9cier les autres, si vous ne vous appr\u00e9ciez pas vous-m\u00eame. Vous ne pouvez pas \u00eatre reconnu(e) si vous ne vous estimez pas vous-m\u00eame et d\u00e9velopper votre potentiel sans bien le conna\u00eetre.<\/span><\/p>\n<h5><span style=\"color: #f50f83;\"><a href=\"https:\/\/www.harmoning.fr\/?page_id=456\"><span style=\"color: #ff99cc;\">Atelier 2 : Changer ses pens\u00e9es<\/span>\u00a0<\/a><\/span><\/h5>\n<p><span style=\"color: #000080;\">L\u2019atelier \u00ab\u00a0<strong>Changer ses pens\u00e9es\u00a0\u00bb<\/strong>\u00a0vous apprend \u00e0 voir le verre \u00e0 moiti\u00e9 plein, \u00e0 g\u00e9rer vos pens\u00e9es n\u00e9gatives et \u00e0 relativiser. Vos pens\u00e9es ont une incidence directe sur vos \u00e9motions et inversement. Ainsi\u00a0 prendre conscience de la nature de vos pens\u00e9es et les g\u00e9rer nous permet de vivre plus sereinement.<\/span><\/p>\n<h5><span style=\"color: #99ccff;\"><a style=\"color: #99ccff;\" href=\"https:\/\/www.harmoning.fr\/?page_id=456\">Atelier 3 : S&rsquo;affirmer<\/a><\/span><\/h5>\n<p><span style=\"color: #000080;\">L&rsquo;atelier \u00ab\u00a0<strong>S&rsquo;affirmer<\/strong>\u00a0\u00bb vous incite \u00e0 \u00e9quilibrer le regard que vous vous portez, face au regard que les autres portent sur vous et \u00e0 accro\u00eetre votre sentiment de respect. Vous respecter, c&rsquo;est d\u00e9fendre vos besoins, savoir ce que vous voulez et ce que vous ne voulez pas et l&rsquo;exprimer avec bienveillance en tenant compte les besoins des autres. C&rsquo;est aussi d\u00e9velopper l&rsquo;assertivit\u00e9 pour rendre vos relations authentiques, saines et \u00e9panouissantes.<\/span><\/p>\n<p><span style=\"color: #000080;\">Si vous souhaitez participer \u00e0 l&rsquo;un de ces ateliers, vous pouvez cliquer sur <strong><a href=\"https:\/\/www.harmoning.fr\/?page_id=456\">ce lien<\/a><\/strong>.<\/span><\/p>\n<hr \/>\n","protected":false},"excerpt":{"rendered":"<p>\u00a0 \u00a0 \u00a0 \u00a0 \u00a0 \u00a0 \u00a0 \u00a0 \u00a0 \u00a0 \u00a0 \u00a0 \u00a0 \u00a0 \u00a0 \u00a0 \u00a0 \u00a0 \u00a0 \u00a0 \u00a0 \u00a0 \u00a0 \u00a0 \u00a0 \u00a0 \u00a0 \u00a0 \u00a0 \u00ab\u00a0Il faut toujours\u00a0viser la lune\u00a0 \u00a0 \u00a0 \u00a0 \u00a0 \u00a0 \u00a0 \u00a0 \u00a0 \u00a0 \u00a0 \u00a0 \u00a0 \u00a0 \u00a0 \u00a0 \u00a0 \u00a0 \u00a0 \u00a0 \u00a0 \u00a0 &hellip; <a href=\"https:\/\/www.harmoning.fr\/?page_id=115\" class=\"more-link\">Continuer la lecture<span class=\"screen-reader-text\"> de &laquo;&nbsp;Am\u00e9liorer la relation \u00e0 soi&nbsp;&raquo;<\/span><\/a><\/p>\n","protected":false},"author":1,"featured_media":573,"parent":120,"menu_order":1,"comment_status":"closed","ping_status":"closed","template":"","meta":{"_mi_skip_tracking":false},"_links":{"self":[{"href":"https:\/\/www.harmoning.fr\/index.php?rest_route=\/wp\/v2\/pages\/115"}],"collection":[{"href":"https:\/\/www.harmoning.fr\/index.php?rest_route=\/wp\/v2\/pages"}],"about":[{"href":"https:\/\/www.harmoning.fr\/index.php?rest_route=\/wp\/v2\/types\/page"}],"author":[{"embeddable":true,"href":"https:\/\/www.harmoning.fr\/index.php?rest_route=\/wp\/v2\/users\/1"}],"replies":[{"embeddable":true,"href":"https:\/\/www.harmoning.fr\/index.php?rest_route=%2Fwp%2Fv2%2Fcomments&post=115"}],"version-history":[{"count":51,"href":"https:\/\/www.harmoning.fr\/index.php?rest_route=\/wp\/v2\/pages\/115\/revisions"}],"predecessor-version":[{"id":1702,"href":"https:\/\/www.harmoning.fr\/index.php?rest_route=\/wp\/v2\/pages\/115\/revisions\/1702"}],"up":[{"embeddable":true,"href":"https:\/\/www.harmoning.fr\/index.php?rest_route=\/wp\/v2\/pages\/120"}],"wp:featuredmedia":[{"embeddable":true,"href":"https:\/\/www.harmoning.fr\/index.php?rest_route=\/wp\/v2\/media\/573"}],"wp:attachment":[{"href":"https:\/\/www.harmoning.fr\/index.php?rest_route=%2Fwp%2Fv2%2Fmedia&parent=115"}],"curies":[{"name":"wp","href":"https:\/\/api.w.org\/{rel}","templated":true}]}}